 + 7*w - 5. Calculate o(6).
1
Let d(l) = 1905*l + 26685. Calculate d(-14).
15
Let s(y) = 13*y**2 - 3*y - 28. Determine s(4).
168
Let o(y) = -21047*y. Calculate o(0).
0
Let n(h) = 31*h + 320. Give n(-15).
-145
Let p(g) = -2*g**2 - 45*g + 73. Calculate p(-22).
95
Let h(r) = -r**2 + 31*r - 138. Give h(5).
-8
Let y(v) = 852*v - 14490. Calculate y(17).
-6
Let y(o) = -o**3 - 12*o**2 - 103*o - 1222. Give y(-12).
14
Let r(a) = 114*a - 320. Calculate r(3).
22
Let r(k) = 103*k + 1031. Calculate r(-10).
1
Let g(r) = -489*r - 3942. What is g(-8)?
-30
Let b(w) = w**3 + 7*w**2 + 19*w + 217. Give b(-8).
1
Let o(r) = -r**2 + 28*r + 3921. Determine o(-50).
21
Let b(h) = 6*h**2 + 20*h + 11. Determine b(-2).
-5
Let i(z) = z**3 + 81*z**2 - 339*z + 86. Calculate i(-85).
1
Let r(u) = -303*u - 4561. Determine r(-15).
-16
Let v(w) = 2*w**2 - 161*w + 1259. What is v(8)?
99
Let v(r) = 24*r**3 - r**2 + 13*r + 13. Calculate v(-1).
-25
Let u(j) = 96*j**2 + 336*j + 139. Calculate u(-3).
-5
Let c(n) = 208*n**2 + 413*n - 8. Give c(-2).
-2
Let y(b) = 7*b**2 + 25*b - 30. What is y(10)?
920
Let b(c) = c**3 + 53*c**2 - 107*c - 88. Give b(-55).
-253
Let g(a) = a**3 + 235*a**2 + 1594*a - 451. Calculate g(-228).
5
Let z(j) = -j**2 - 214*j - 7. Determine z(0).
-7
Let x(l) = -102*l + 6227. Determine x(61).
5
Let f(z) = -3*z**3 - 15*z**2 + 201*z + 217. Give f(-1).
4
Let d(n) = -n**2 - 39*n + 2061. Calculate d(-69).
-9
Let u(c) = -c**3 + 30*c**2 - 220*c + 30. Give u(12).
-18
Let j(l) = -12*l - 130. Give j(-12).
14
Let r(u) = 454*u + 14916. Give r(-33).
-66
Let v(c) = -91*c**2 + c - 38. Give v(0).
-38
Let j(q) = 567*q + 5. Give j(1).
572
Let p(n) = -456*n + 6355. Calculate p(14).
-29
Let m(o) = 223*o - 10918. Determine m(49).
9
Let v(b) = 2*b**3 - 8*b**2 - 37*b + 158. What is v(5)?
23
Let w(a) = -a**2 + 6*a + 184. What is w(15)?
49
Let d(q) = -6*q + 96. Calculate d(23).
-42
Let p(f) = -2*f**2 - 5*f - 305. Determine p(0).
-305
Let v(j) = -j**3 + 11*j**2 - 13*j + 2. What is v(10)?
-28
Let y(r) = 698*r**3 - 5*r**2 + r + 1. What is y(1)?
695
Let i(h) = h**2 - 66*h - 1412. What is i(-17)?
-1
Let g(o) = o**3 - 51*o**2 + 6*o - 336. Give g(51).
-30
Let d(x) = 2*x**3 - 31*x**2 - 17*x + 18. What is d(16)?
2
Let u(q) = -4*q**3 + 356*q**2 - 14*q + 1241. What is u(89)?
-5
Let g(r) = 25*r**2 + 144*r + 21. Calculate g(-6).
57
Let s(w) = w**3 + 43*w**2 + 43*w + 35. Give s(-42).
-7
Let b(a) = -6*a**2 - 309*a + 137. Calculate b(-52).
-19
Let j(a) = -39*a**3 + 9*a**2 + 5*a - 5. Give j(-1).
38
Let d(l) = -29*l**2 - 167*l + 20. Determine d(-6).
-22
Let q(v) = v**2 - 20*v - 442. Give q(33).
-13
Let v(n) = -n**2 + 37*n - 234. Give v(8).
-2
Let w(z) = -39*z**2 + 372*z - 194. Determine w(9).
-5
Let x(q) = q**3 + 9*q**2 - 4*q - 5. Give x(-10).
-65
Let n(q) = -9*q + 149. Give n(19).
-22
Let g(h) = -2*h**2 - 85*h - 819. What is g(-15)?
6
Let c(u) = 81*u**2 - 35*u - 58. Calculate c(-2).
336
Let m(h) = -6*h - 70. Determine m(-11).
-4
Let t(j) = 2*j**3 + 65*j**2 + 31*j - 34. Give t(-32).
-2
Let p(z) = -58*z**2 + 81*z. Determine p(1).
23
Let p(n) = -4*n**2 + 392*n - 2542. Determine p(91).
6
Let y(a) = 4*a**3 - 231*a**2 + 173*a - 133. Calculate y(57).
-19
Let d(h) = h**3 + 5*h**2 + 1205*h + 3591. Determine d(-3).
-6
Let q(n) = -10*n**2 - 3*n - 20. Calculate q(-5).
-255
Let t(x) = -10*x**2 - 265*x - 369. Give t(-25).
6
Let b(k) = -k**3 - 14*k**2 - 2*k + 19. Calculate b(-4).
-133
Let o(y) = -3*y**3 + 561*y**2 + 1138*y - 775. Determine o(189).
-19
Let i(l) = l**3 - 3*l**2 - 11*l + 5. Determine i(-3).
-16
Let g(x) = x**3 + 6*x**2 - x - 6. Calculate g(-6).
0
Let z(n) = n**2 - 1115*n - 3. Determine z(0).
-3
Let d(l) = -6*l**3 - 61*l**2 - 10*l + 44. Calculate d(-10).
44
Let d(w) = 21*w**2 - 26*w + 143. What is d(5)?
538
Let z(g) = -2*g**3 - 23*g**2 - 57*g - 13. Determine z(-8).
-5
Let w(j) = -19*j**2 - 15*j - 3. Give w(-4).
-247
Let w(y) = 4*y**2 - y - 4. Determine w(-1).
1
Let u(q) = q**3 - 57*q**2 + q + 192. Give u(57).
249
Let f(k) = -2*k**3 - 13*k**2 + 2*k - 30. Calculate f(-5).
-115
Let n(b) = b**2 + 71*b + 266. Calculate n(-4).
-2
Let l(i) = i**2 - 664*i + 69016. Determine l(129).
1
Let z(j) = -3*j**3 - 67*j**2 - 31*j - 20. Calculate z(-22).
178
Let r(j) = j**3 + 28*j**2 - 31*j - 67. Calculate r(-29).
-9
Let o(p) = -p**3 - 56*p**2 + 117*p + 50. Give o(-58).
-8
Let m(a) = -648*a - 1296. What is m(-2)?
0
Let g(k) = -2*k**2 + 147*k - 601. Determine g(69).
20
Let q(w) = 2*w**2 - 321*w + 3967. Calculate q(147).
-2
Let u(o) = 40*o - 221. Determine u(5).
-21
Let g(x) = -75*x + 153. What is g(3)?
-72
Let d(s) = -s**2 + 2*s - 2. What is d(-3)?
-17
Let g(k) = 135*k - 1899. Determine g(14).
-9
Let d(y) = 6*y**3 - 49*y**2 - 9*y + 34. Calculate d(8).
-102
Let z(o) = 91*o - 1906. What is z(21)?
5
Let l(r) = r**3 - r**2 + 3*r - 48. Give l(4).
12
Let y(v) = -8*v**2 - 3375*v + 3810. Determine y(-423).
3
Let x(u) = -2*u**2 - 254*u - 7146. Give x(-85).
-6
Let c(a) = a**3 + 3*a**2 + 8*a + 32. Calculate c(-3).
8
Let q(m) = 18*m + 100. Give q(-6).
-8
Let h(m) = -651*m - 16260. Determine h(-25).
15
Let n(f) = 82*f + 2957. What is n(-36)?
5
Let h(c) = -2*c**3 + 81*c**2 - 43*c + 125. Give h(40).
5
Let f(n) = 56*n + 380. What is f(-6)?
44
Let s(f) = -f**3 + 57*f**2 + 44*f + 823. Calculate s(58).
11
Let r(h) = -19*h**2 - 6*h + 30. Give r(-5).
-415
Let z(q) = 3*q**2 + 45*q + 25. Give z(-13).
-53
Let h(n) = -11*n + 1010. Calculate h(132).
-442
Let p(u) = -2929*u + 2933. Determine p(1).
4
Let z(o) = -4*o**2 - 375*o + 1157. Determine z(3).
-4
Let h(i) = i**2 + 286*i - 9462. Calculate h(30).
18
Let r(c) = 5051*c + 11. Calculate r(0).
11
Let o(z) = -87*z + 75. Calculate o(1).
-12
Let f(z) = -2*z**3 + 43*z**2 - 135*z + 33. What is f(18)?
-129
Let k(v) = -2*v + 157. What is k(21)?
115
Let u(q) = 150*q - 635. Calculate u(4).
-35
Let q(j) = -256*j - 1191. What is q(-5)?
89
Let y(z) = 6*z**3 - 143*z**2 - 28*z + 97. Calculate y(24).
1
Let v(g) = -4*g**2 + 610*g + 2829. Give v(157).
3
Let k(c) = -c**2 - 141*c + 437. Give k(3).
5
Let k(p) = 8*p + 255. Determine k(16).
383
Let i(q) = q**3 + 10*q**2 - 17*q - 16. Give i(-6).
230
Let n(o) = o**3 + 58*o**2 + 191*o + 4428. Give n(-56).
4
Let d(r) = -r**3 - r**2 + 4*r - 517. What is d(0)?
-517
Let m(p) = -p**3 - 50*p**2 + 6*p + 296. What is m(-50)?
-4
Let o(h) = -h**3 - 34*h**2 - 154*h - 275. Give o(-29).
-14
Let l(h) = -23*h**2 - 73*h - 7. What is l(-3)?
5
Let q(s) = 3*s**3 + 51*s**2 + 48*s + 23. Calculate q(-16).
23
Let g(a) = -41*a**2 + 804*a - 33. Determine g(19).
442
Let r(k) = -2*k**2 - 84*k + 668. What is r(-49)?
-18
Let c(u) = u**2 + 130*u - 73. Give c(0).
-73
Let c(r) = 6*r**2 - 22*r + 24. Give c(6).
108
Let r(g) = g**3 + 9*g**2 - 52*g - 233. What is r(-12)?
-41
Let f(u) = -606*u - 520. Calculate f(-1).
86
Let t(d) = 4626*d - 152661. Give t(33).
-3
Let p(t) = -11*t**2 - 115*t - 49. What is p(-10)?
1
Let k(q) = 97*q - 139. Calculate k(-5).
-624
Let a(b) = -30*b**2 + 210*b + 9. Determine a(7).
9
Let y(d) = -16*d - 133. Determine y(-6).
-37
Let v(k) = 871*k + 1722. Calculate v(-2).
-20
Let z(o) = -158*o + 1237. Determine z(9).
-185
Let o(s) = 2*s**3 + 84*s**2 + 81*s - 30. What is o(-41)?
11
Let n(k) = k**3 - 5*k**2 + 10*k - 47. Give n(5).
3
Let s(m) = -294*m + 19688. Give s(67).
-10
Let s(t) = 2*t**2 - 109*t + 1419. What is s(21)?
12
Let r(z) = 3*z**3 - 33*z**2 - 55*z + 599. What is r(11)?
-6
Let s(b) = -b**2 - 21*b - 57. Give s(-17).
11
Let m(s) = s**3 + 9*s**2 + 14*s + 50. Give m(-8).
2
Let a(z) = z**2 - 31*z - 4. Calculate a(3).
-88
Let b(a) = 56*a + 24. Give b(-1).
-32
Let c(o) = -13*o - 55. Calculate c(-3).
-16
Let j(t) = 71*t + 3295. Calculate j(-47).
-42
Let j(t) = -t**2 + 397*t + 19401. What is j(-44)?
-3
Let u(z) = z**2 + 31*z + 37. What is u(-30)?
7
Let k(z) = -2*z**2 + 6*z - 9. Give k(4).
-17
Let f(p) = -3*p**2 + 56*p - 208. What is f(5)?
-3
Let u(g) = -g**2 - 178*g + 1301. Give u(7).
6
Let h(v) = -8*v**2 - 253*v + 655. What is h(-34)?
9
Let c(y) = -8*y**2 + 286*y - 2055. Give c(10).
5
Let g(o) = 22*o**3 + o**2 - 7*o + 5. Give g(1).
21
Let v(q) = -167*q + 4. Determine v(-1).
171
Let r(p) = -14*p + 6. Give r(-1).
20
Let t(z) = -9*z**3 - 241*z**2 + 53*z - 9. What is t(-27)?
18
Let q(d) = 67*d - 483. Give q(8).
53
Let y(v) = -39*v + 64. Calculate y(0).
64
Let l(h) = -3*h**2 + 243*h + 3975. Determin